{"id":1578,"date":"2021-03-16T20:47:50","date_gmt":"2021-03-16T20:47:50","guid":{"rendered":"https:\/\/laptronic.pe\/catalogo\/?post_type=product&#038;p=1578"},"modified":"2021-03-22T00:39:37","modified_gmt":"2021-03-22T00:39:37","slug":"lenovo-v15-iil-core-i5","status":"publish","type":"product","link":"https:\/\/laptronic.pe\/catalogo\/producto\/lenovo-v15-iil-core-i5\/","title":{"rendered":"Lenovo V15 &#8211; IIL Core i5"},"content":{"rendered":"","protected":false},"excerpt":{"rendered":"<p style=\"text-align: justify;\">Lo mejor de Lenovo lleg\u00f3 con la Lenovo V15 &#8211; IIL que incorpora el procesador Intel Core I5 de d\u00e9cima generaci\u00f3n, un disco duro de 1 TB y RAM de 8 GB DDR4. La pantalla de 15.6\u201d HD tipo Led Backlight te ofrece colores vivos y claros, con marcos laterales estrechos para una mejor visi\u00f3n. Disfruta tambi\u00e9n del mejor sonido con los parlantes incorporados Stereo con Dolby Audio, 3 puertos USB, una bater\u00eda de 5.5 horas (30Wh), sistema operativo Windows 10 y la tarjeta gr\u00e1fica Intel Iris Plus Graphics.<\/p>\n","protected":false},"featured_media":1585,"comment_status":"open","ping_status":"closed","template":"","meta":[],"product_cat":[192],"product_tag":[],"yoast_head":"<!-- This site is optimized with the Yoast SEO plugin v19.10 - https:\/\/yoast.com\/wordpress\/plugins\/seo\/ -->\n<title>Lenovo V15 - IIL Core i5 - Laptronic<\/title>\n<meta name=\"robots\" content=\"index, follow, max-snippet:-1, max-image-preview:large, max-video-preview:-1\" \/>\n<link rel=\"canonical\" href=\"https:\/\/laptronic.pe\/catalogo\/producto\/lenovo-v15-iil-core-i5\/\" \/>\n<meta property=\"og:locale\" content=\"es_ES\" \/>\n<meta property=\"og:type\" content=\"article\" \/>\n<meta property=\"og:title\" content=\"Lenovo V15 - IIL Core i5 - Laptronic\" \/>\n<meta property=\"og:description\" content=\"Lo mejor de Lenovo lleg\u00f3 con la Lenovo V15 - IIL que incorpora el procesador Intel Core I5 de d\u00e9cima generaci\u00f3n, un disco duro de 1 TB y RAM de 8 GB DDR4. La pantalla de 15.6\u201d HD tipo Led Backlight te ofrece colores vivos y claros, con marcos laterales estrechos para una mejor visi\u00f3n. Disfruta tambi\u00e9n del mejor sonido con los parlantes incorporados Stereo con Dolby Audio, 3 puertos USB, una bater\u00eda de 5.5 horas (30Wh), sistema operativo Windows 10 y la tarjeta gr\u00e1fica Intel Iris Plus Graphics.\" \/>\n<meta property=\"og:url\" content=\"https:\/\/laptronic.pe\/catalogo\/producto\/lenovo-v15-iil-core-i5\/\" \/>\n<meta property=\"og:site_name\" content=\"Laptronic\" \/>\n<meta property=\"article:publisher\" content=\"https:\/\/www.facebook.com\/laptronic.pe\" \/>\n<meta property=\"article:modified_time\" content=\"2021-03-22T00:39:37+00:00\" \/>\n<meta property=\"og:image\" content=\"https:\/\/laptronic.pe\/catalogo\/wp-content\/uploads\/Laptop-Lenovo-V15-IIL-Intel-Core-i5-1TB-8GB-1.8.jpg\" \/>\n\t<meta property=\"og:image:width\" content=\"1000\" \/>\n\t<meta property=\"og:image:height\" content=\"1000\" \/>\n\t<meta property=\"og:image:type\" content=\"image\/jpeg\" \/>\n<meta name=\"twitter:card\" content=\"summary_large_image\" \/>\n<meta name=\"twitter:site\" content=\"@laptronicsac\" \/>\n<script type=\"application\/ld+json\" class=\"yoast-schema-graph\">{\"@context\":\"https:\/\/schema.org\",\"@graph\":[{\"@type\":\"WebPage\",\"@id\":\"https:\/\/laptronic.pe\/catalogo\/producto\/lenovo-v15-iil-core-i5\/\",\"url\":\"https:\/\/laptronic.pe\/catalogo\/producto\/lenovo-v15-iil-core-i5\/\",\"name\":\"Lenovo V15 - IIL Core i5 - Laptronic\",\"isPartOf\":{\"@id\":\"https:\/\/laptronic.pe\/catalogo\/#website\"},\"datePublished\":\"2021-03-16T20:47:50+00:00\",\"dateModified\":\"2021-03-22T00:39:37+00:00\",\"breadcrumb\":{\"@id\":\"https:\/\/laptronic.pe\/catalogo\/producto\/lenovo-v15-iil-core-i5\/#breadcrumb\"},\"inLanguage\":\"es\",\"potentialAction\":[{\"@type\":\"ReadAction\",\"target\":[\"https:\/\/laptronic.pe\/catalogo\/producto\/lenovo-v15-iil-core-i5\/\"]}]},{\"@type\":\"BreadcrumbList\",\"@id\":\"https:\/\/laptronic.pe\/catalogo\/producto\/lenovo-v15-iil-core-i5\/#breadcrumb\",\"itemListElement\":[{\"@type\":\"ListItem\",\"position\":1,\"name\":\"Portada\",\"item\":\"https:\/\/laptronic.pe\/catalogo\/\"},{\"@type\":\"ListItem\",\"position\":2,\"name\":\"Tienda\",\"item\":\"https:\/\/laptronic.pe\/catalogo\/\"},{\"@type\":\"ListItem\",\"position\":3,\"name\":\"Lenovo V15 &#8211; IIL Core i5\"}]},{\"@type\":\"WebSite\",\"@id\":\"https:\/\/laptronic.pe\/catalogo\/#website\",\"url\":\"https:\/\/laptronic.pe\/catalogo\/\",\"name\":\"Laptronic\",\"description\":\"Centro de Servicio T\u00e9cnico de Apple - Lima y Arequipa\",\"publisher\":{\"@id\":\"https:\/\/laptronic.pe\/catalogo\/#organization\"},\"potentialAction\":[{\"@type\":\"SearchAction\",\"target\":{\"@type\":\"EntryPoint\",\"urlTemplate\":\"https:\/\/laptronic.pe\/catalogo\/?s={search_term_string}\"},\"query-input\":\"required name=search_term_string\"}],\"inLanguage\":\"es\"},{\"@type\":\"Organization\",\"@id\":\"https:\/\/laptronic.pe\/catalogo\/#organization\",\"name\":\"Laptronic\",\"url\":\"https:\/\/laptronic.pe\/catalogo\/\",\"logo\":{\"@type\":\"ImageObject\",\"inLanguage\":\"es\",\"@id\":\"https:\/\/laptronic.pe\/catalogo\/#\/schema\/logo\/image\/\",\"url\":\"https:\/\/laptronic.pe\/catalogo\/wp-content\/uploads\/2020\/10\/logo.png\",\"contentUrl\":\"https:\/\/laptronic.pe\/catalogo\/wp-content\/uploads\/2020\/10\/logo.png\",\"width\":303,\"height\":74,\"caption\":\"Laptronic\"},\"image\":{\"@id\":\"https:\/\/laptronic.pe\/catalogo\/#\/schema\/logo\/image\/\"},\"sameAs\":[\"https:\/\/www.instagram.com\/laptronic\/\",\"https:\/\/www.pinterest.com\/laptronic\/_created\/\",\"https:\/\/www.youtube.com\/user\/laptronicperu\",\"https:\/\/www.facebook.com\/laptronic.pe\",\"https:\/\/twitter.com\/laptronicsac\"]}]}<\/script>\n<!-- \/ Yoast SEO plugin. -->","yoast_head_json":{"title":"Lenovo V15 - IIL Core i5 - Laptronic","robots":{"index":"index","follow":"follow","max-snippet":"max-snippet:-1","max-image-preview":"max-image-preview:large","max-video-preview":"max-video-preview:-1"},"canonical":"https:\/\/laptronic.pe\/catalogo\/producto\/lenovo-v15-iil-core-i5\/","og_locale":"es_ES","og_type":"article","og_title":"Lenovo V15 - IIL Core i5 - Laptronic","og_description":"Lo mejor de Lenovo lleg\u00f3 con la Lenovo V15 - IIL que incorpora el procesador Intel Core I5 de d\u00e9cima generaci\u00f3n, un disco duro de 1 TB y RAM de 8 GB DDR4. La pantalla de 15.6\u201d HD tipo Led Backlight te ofrece colores vivos y claros, con marcos laterales estrechos para una mejor visi\u00f3n. Disfruta tambi\u00e9n del mejor sonido con los parlantes incorporados Stereo con Dolby Audio, 3 puertos USB, una bater\u00eda de 5.5 horas (30Wh), sistema operativo Windows 10 y la tarjeta gr\u00e1fica Intel Iris Plus Graphics.","og_url":"https:\/\/laptronic.pe\/catalogo\/producto\/lenovo-v15-iil-core-i5\/","og_site_name":"Laptronic","article_publisher":"https:\/\/www.facebook.com\/laptronic.pe","article_modified_time":"2021-03-22T00:39:37+00:00","og_image":[{"width":1000,"height":1000,"url":"https:\/\/laptronic.pe\/catalogo\/wp-content\/uploads\/Laptop-Lenovo-V15-IIL-Intel-Core-i5-1TB-8GB-1.8.jpg","type":"image\/jpeg"}],"twitter_card":"summary_large_image","twitter_site":"@laptronicsac","schema":{"@context":"https:\/\/schema.org","@graph":[{"@type":"WebPage","@id":"https:\/\/laptronic.pe\/catalogo\/producto\/lenovo-v15-iil-core-i5\/","url":"https:\/\/laptronic.pe\/catalogo\/producto\/lenovo-v15-iil-core-i5\/","name":"Lenovo V15 - IIL Core i5 - Laptronic","isPartOf":{"@id":"https:\/\/laptronic.pe\/catalogo\/#website"},"datePublished":"2021-03-16T20:47:50+00:00","dateModified":"2021-03-22T00:39:37+00:00","breadcrumb":{"@id":"https:\/\/laptronic.pe\/catalogo\/producto\/lenovo-v15-iil-core-i5\/#breadcrumb"},"inLanguage":"es","potentialAction":[{"@type":"ReadAction","target":["https:\/\/laptronic.pe\/catalogo\/producto\/lenovo-v15-iil-core-i5\/"]}]},{"@type":"BreadcrumbList","@id":"https:\/\/laptronic.pe\/catalogo\/producto\/lenovo-v15-iil-core-i5\/#breadcrumb","itemListElement":[{"@type":"ListItem","position":1,"name":"Portada","item":"https:\/\/laptronic.pe\/catalogo\/"},{"@type":"ListItem","position":2,"name":"Tienda","item":"https:\/\/laptronic.pe\/catalogo\/"},{"@type":"ListItem","position":3,"name":"Lenovo V15 &#8211; IIL Core i5"}]},{"@type":"WebSite","@id":"https:\/\/laptronic.pe\/catalogo\/#website","url":"https:\/\/laptronic.pe\/catalogo\/","name":"Laptronic","description":"Centro de Servicio T\u00e9cnico de Apple - Lima y Arequipa","publisher":{"@id":"https:\/\/laptronic.pe\/catalogo\/#organization"},"potentialAction":[{"@type":"SearchAction","target":{"@type":"EntryPoint","urlTemplate":"https:\/\/laptronic.pe\/catalogo\/?s={search_term_string}"},"query-input":"required name=search_term_string"}],"inLanguage":"es"},{"@type":"Organization","@id":"https:\/\/laptronic.pe\/catalogo\/#organization","name":"Laptronic","url":"https:\/\/laptronic.pe\/catalogo\/","logo":{"@type":"ImageObject","inLanguage":"es","@id":"https:\/\/laptronic.pe\/catalogo\/#\/schema\/logo\/image\/","url":"https:\/\/laptronic.pe\/catalogo\/wp-content\/uploads\/2020\/10\/logo.png","contentUrl":"https:\/\/laptronic.pe\/catalogo\/wp-content\/uploads\/2020\/10\/logo.png","width":303,"height":74,"caption":"Laptronic"},"image":{"@id":"https:\/\/laptronic.pe\/catalogo\/#\/schema\/logo\/image\/"},"sameAs":["https:\/\/www.instagram.com\/laptronic\/","https:\/\/www.pinterest.com\/laptronic\/_created\/","https:\/\/www.youtube.com\/user\/laptronicperu","https:\/\/www.facebook.com\/laptronic.pe","https:\/\/twitter.com\/laptronicsac"]}]}},"_links":{"self":[{"href":"https:\/\/laptronic.pe\/catalogo\/wp-json\/wp\/v2\/product\/1578"}],"collection":[{"href":"https:\/\/laptronic.pe\/catalogo\/wp-json\/wp\/v2\/product"}],"about":[{"href":"https:\/\/laptronic.pe\/catalogo\/wp-json\/wp\/v2\/types\/product"}],"replies":[{"embeddable":true,"href":"https:\/\/laptronic.pe\/catalogo\/wp-json\/wp\/v2\/comments?post=1578"}],"wp:featuredmedia":[{"embeddable":true,"href":"https:\/\/laptronic.pe\/catalogo\/wp-json\/wp\/v2\/media\/1585"}],"wp:attachment":[{"href":"https:\/\/laptronic.pe\/catalogo\/wp-json\/wp\/v2\/media?parent=1578"}],"wp:term":[{"taxonomy":"product_cat","embeddable":true,"href":"https:\/\/laptronic.pe\/catalogo\/wp-json\/wp\/v2\/product_cat?post=1578"},{"taxonomy":"product_tag","embeddable":true,"href":"https:\/\/laptronic.pe\/catalogo\/wp-json\/wp\/v2\/product_tag?post=1578"}],"curies":[{"name":"wp","href":"https:\/\/api.w.org\/{rel}","templated":true}]}}