{"id":1276,"date":"2020-12-24T04:16:18","date_gmt":"2020-12-24T04:16:18","guid":{"rendered":"https:\/\/laptronic.pe\/catalogo\/?post_type=product&#038;p=1276"},"modified":"2020-12-29T17:41:21","modified_gmt":"2020-12-29T17:41:21","slug":"cable-magsafe-2","status":"publish","type":"product","link":"https:\/\/laptronic.pe\/catalogo\/producto\/cable-magsafe-2\/","title":{"rendered":"Cable Magsafe 2"},"content":{"rendered":"<p>[vc_row disable_element=\u00bbyes\u00bb el_class=\u00bbm-b-md\u00bb][vc_column][vc_column_text]Lorem ipsum dolor sit amet, consectetur adipiscing elit, sed do eiusmod tempor incididunt ut labore et dolore magna aliqua. Ut enim ad minim veniam, nostrud ipsum consectetur sed do, quis nostrud exercitation ullamco laboris nisi ut aliquip ex ea commodo consequat. Duis aute irure dolor in reprehenderit in voluptate velit esse cillum dolore eu fugiat nulla pariatur. Excepteur sint occaecat.[\/vc_column_text][\/vc_column][\/vc_row][vc_row disable_element=\u00bbyes\u00bb el_class=\u00bbm-b-md\u00bb css=\u00bb.vc_custom_1608884917811{padding-left: 40px !important;}\u00bb][vc_column]<style>#porto-info-list118013985269ee7f2789a21 i { color: #21293c;font-size: 16px; }<\/style><ul id=\"porto-info-list118013985269ee7f2789a21\" class=\"porto-info-list \"><li class=\"porto-info-list-item\"><i class=\"porto-info-icon fa fa-check-circle\"><\/i><div class=\"porto-info-list-item-desc\"font-size: 14px; style=\"font-size: 14px;\">Any Product types that You want &#8211; Simple, Configurable<\/div><\/li><li class=\"porto-info-list-item\"><i class=\"porto-info-icon fa fa-check-circle\"><\/i><div class=\"porto-info-list-item-desc\"font-size: 14px; style=\"font-size: 14px;\">Downloadable\/Digital Products, Virtual Products<\/div><\/li><li class=\"porto-info-list-item\"><i class=\"porto-info-icon fa fa-check-circle\"><\/i><div class=\"porto-info-list-item-desc\"font-size: 14px; style=\"font-size: 14px;\">Inventory Management with Backordered items<\/div><\/li><\/ul>[\/vc_column][\/vc_row]<\/p>\n","protected":false},"excerpt":{"rendered":"<p style=\"text-align: justify;\">El adaptador de CA MagSafe 2 est\u00e1 dise\u00f1ado para llegar a ser un complemento perfecto tanto en la oficina o como para el hogar. Incorpora un conector magn\u00e9tico, para que en el caso de tropiezo con el cable, se desconecte automaticamente sin causar da\u00f1o al equipo. Garantiz\u00e1ndote una larga duraci\u00f3n de los cables, adem\u00e1s de proteger tu MacBook Air.<\/p>\n<p style=\"text-align: justify;\">Con el indicador LED ubicado en la parte superior del conector de CC, estar\u00e1s informado de todo el proceso en que se encuentra la bater\u00eda, por ejemplo: la luz Ambar, indica que se est\u00e1 cargando y la Verde que ya ha terminado. Pero tambi\u00e9n tienes que tener en cuenta que si no quieres utilizar la bater\u00eda, puede alimentar el equipo directamente.<\/p>\n","protected":false},"featured_media":1349,"comment_status":"open","ping_status":"closed","template":"","meta":[],"product_cat":[172,177],"product_tag":[],"yoast_head":"<!-- This site is optimized with the Yoast SEO plugin v19.10 - https:\/\/yoast.com\/wordpress\/plugins\/seo\/ -->\n<title>Cable Magsafe 2 - Laptronic<\/title>\n<meta name=\"robots\" content=\"index, follow, max-snippet:-1, max-image-preview:large, max-video-preview:-1\" \/>\n<link rel=\"canonical\" href=\"https:\/\/laptronic.pe\/catalogo\/producto\/cable-magsafe-2\/\" \/>\n<meta property=\"og:locale\" content=\"es_ES\" \/>\n<meta property=\"og:type\" content=\"article\" \/>\n<meta property=\"og:title\" content=\"Cable Magsafe 2 - Laptronic\" \/>\n<meta property=\"og:description\" content=\"El adaptador de CA MagSafe 2 est\u00e1 dise\u00f1ado para llegar a ser un complemento perfecto tanto en la oficina o como para el hogar. Incorpora un conector magn\u00e9tico, para que en el caso de tropiezo con el cable, se desconecte automaticamente sin causar da\u00f1o al equipo. Garantiz\u00e1ndote una larga duraci\u00f3n de los cables, adem\u00e1s de proteger tu MacBook Air. Con el indicador LED ubicado en la parte superior del conector de CC, estar\u00e1s informado de todo el proceso en que se encuentra la bater\u00eda, por ejemplo: la luz Ambar, indica que se est\u00e1 cargando y la Verde que ya ha terminado. Pero tambi\u00e9n tienes que tener en cuenta que si no quieres utilizar la bater\u00eda, puede alimentar el equipo directamente.\" \/>\n<meta property=\"og:url\" content=\"https:\/\/laptronic.pe\/catalogo\/producto\/cable-magsafe-2\/\" \/>\n<meta property=\"og:site_name\" content=\"Laptronic\" \/>\n<meta property=\"article:publisher\" content=\"https:\/\/www.facebook.com\/laptronic.pe\" \/>\n<meta property=\"article:modified_time\" content=\"2020-12-29T17:41:21+00:00\" \/>\n<meta property=\"og:image\" content=\"https:\/\/laptronic.pe\/catalogo\/wp-content\/uploads\/magsafe-2.jpg\" \/>\n\t<meta property=\"og:image:width\" content=\"600\" \/>\n\t<meta property=\"og:image:height\" content=\"600\" \/>\n\t<meta property=\"og:image:type\" content=\"image\/jpeg\" \/>\n<meta name=\"twitter:card\" content=\"summary_large_image\" \/>\n<meta name=\"twitter:site\" content=\"@laptronicsac\" \/>\n<meta name=\"twitter:label1\" content=\"Tiempo de lectura\" \/>\n\t<meta name=\"twitter:data1\" content=\"1 minuto\" \/>\n<script type=\"application\/ld+json\" class=\"yoast-schema-graph\">{\"@context\":\"https:\/\/schema.org\",\"@graph\":[{\"@type\":\"WebPage\",\"@id\":\"https:\/\/laptronic.pe\/catalogo\/producto\/cable-magsafe-2\/\",\"url\":\"https:\/\/laptronic.pe\/catalogo\/producto\/cable-magsafe-2\/\",\"name\":\"Cable Magsafe 2 - Laptronic\",\"isPartOf\":{\"@id\":\"https:\/\/laptronic.pe\/catalogo\/#website\"},\"datePublished\":\"2020-12-24T04:16:18+00:00\",\"dateModified\":\"2020-12-29T17:41:21+00:00\",\"breadcrumb\":{\"@id\":\"https:\/\/laptronic.pe\/catalogo\/producto\/cable-magsafe-2\/#breadcrumb\"},\"inLanguage\":\"es\",\"potentialAction\":[{\"@type\":\"ReadAction\",\"target\":[\"https:\/\/laptronic.pe\/catalogo\/producto\/cable-magsafe-2\/\"]}]},{\"@type\":\"BreadcrumbList\",\"@id\":\"https:\/\/laptronic.pe\/catalogo\/producto\/cable-magsafe-2\/#breadcrumb\",\"itemListElement\":[{\"@type\":\"ListItem\",\"position\":1,\"name\":\"Portada\",\"item\":\"https:\/\/laptronic.pe\/catalogo\/\"},{\"@type\":\"ListItem\",\"position\":2,\"name\":\"Tienda\",\"item\":\"https:\/\/laptronic.pe\/catalogo\/\"},{\"@type\":\"ListItem\",\"position\":3,\"name\":\"Cable Magsafe 2\"}]},{\"@type\":\"WebSite\",\"@id\":\"https:\/\/laptronic.pe\/catalogo\/#website\",\"url\":\"https:\/\/laptronic.pe\/catalogo\/\",\"name\":\"Laptronic\",\"description\":\"Centro de Servicio T\u00e9cnico de Apple - Lima y Arequipa\",\"publisher\":{\"@id\":\"https:\/\/laptronic.pe\/catalogo\/#organization\"},\"potentialAction\":[{\"@type\":\"SearchAction\",\"target\":{\"@type\":\"EntryPoint\",\"urlTemplate\":\"https:\/\/laptronic.pe\/catalogo\/?s={search_term_string}\"},\"query-input\":\"required name=search_term_string\"}],\"inLanguage\":\"es\"},{\"@type\":\"Organization\",\"@id\":\"https:\/\/laptronic.pe\/catalogo\/#organization\",\"name\":\"Laptronic\",\"url\":\"https:\/\/laptronic.pe\/catalogo\/\",\"logo\":{\"@type\":\"ImageObject\",\"inLanguage\":\"es\",\"@id\":\"https:\/\/laptronic.pe\/catalogo\/#\/schema\/logo\/image\/\",\"url\":\"https:\/\/laptronic.pe\/catalogo\/wp-content\/uploads\/2020\/10\/logo.png\",\"contentUrl\":\"https:\/\/laptronic.pe\/catalogo\/wp-content\/uploads\/2020\/10\/logo.png\",\"width\":303,\"height\":74,\"caption\":\"Laptronic\"},\"image\":{\"@id\":\"https:\/\/laptronic.pe\/catalogo\/#\/schema\/logo\/image\/\"},\"sameAs\":[\"https:\/\/www.instagram.com\/laptronic\/\",\"https:\/\/www.pinterest.com\/laptronic\/_created\/\",\"https:\/\/www.youtube.com\/user\/laptronicperu\",\"https:\/\/www.facebook.com\/laptronic.pe\",\"https:\/\/twitter.com\/laptronicsac\"]}]}<\/script>\n<!-- \/ Yoast SEO plugin. -->","yoast_head_json":{"title":"Cable Magsafe 2 - Laptronic","robots":{"index":"index","follow":"follow","max-snippet":"max-snippet:-1","max-image-preview":"max-image-preview:large","max-video-preview":"max-video-preview:-1"},"canonical":"https:\/\/laptronic.pe\/catalogo\/producto\/cable-magsafe-2\/","og_locale":"es_ES","og_type":"article","og_title":"Cable Magsafe 2 - Laptronic","og_description":"El adaptador de CA MagSafe 2 est\u00e1 dise\u00f1ado para llegar a ser un complemento perfecto tanto en la oficina o como para el hogar. Incorpora un conector magn\u00e9tico, para que en el caso de tropiezo con el cable, se desconecte automaticamente sin causar da\u00f1o al equipo. Garantiz\u00e1ndote una larga duraci\u00f3n de los cables, adem\u00e1s de proteger tu MacBook Air. Con el indicador LED ubicado en la parte superior del conector de CC, estar\u00e1s informado de todo el proceso en que se encuentra la bater\u00eda, por ejemplo: la luz Ambar, indica que se est\u00e1 cargando y la Verde que ya ha terminado. Pero tambi\u00e9n tienes que tener en cuenta que si no quieres utilizar la bater\u00eda, puede alimentar el equipo directamente.","og_url":"https:\/\/laptronic.pe\/catalogo\/producto\/cable-magsafe-2\/","og_site_name":"Laptronic","article_publisher":"https:\/\/www.facebook.com\/laptronic.pe","article_modified_time":"2020-12-29T17:41:21+00:00","og_image":[{"width":600,"height":600,"url":"https:\/\/laptronic.pe\/catalogo\/wp-content\/uploads\/magsafe-2.jpg","type":"image\/jpeg"}],"twitter_card":"summary_large_image","twitter_site":"@laptronicsac","twitter_misc":{"Tiempo de lectura":"1 minuto"},"schema":{"@context":"https:\/\/schema.org","@graph":[{"@type":"WebPage","@id":"https:\/\/laptronic.pe\/catalogo\/producto\/cable-magsafe-2\/","url":"https:\/\/laptronic.pe\/catalogo\/producto\/cable-magsafe-2\/","name":"Cable Magsafe 2 - Laptronic","isPartOf":{"@id":"https:\/\/laptronic.pe\/catalogo\/#website"},"datePublished":"2020-12-24T04:16:18+00:00","dateModified":"2020-12-29T17:41:21+00:00","breadcrumb":{"@id":"https:\/\/laptronic.pe\/catalogo\/producto\/cable-magsafe-2\/#breadcrumb"},"inLanguage":"es","potentialAction":[{"@type":"ReadAction","target":["https:\/\/laptronic.pe\/catalogo\/producto\/cable-magsafe-2\/"]}]},{"@type":"BreadcrumbList","@id":"https:\/\/laptronic.pe\/catalogo\/producto\/cable-magsafe-2\/#breadcrumb","itemListElement":[{"@type":"ListItem","position":1,"name":"Portada","item":"https:\/\/laptronic.pe\/catalogo\/"},{"@type":"ListItem","position":2,"name":"Tienda","item":"https:\/\/laptronic.pe\/catalogo\/"},{"@type":"ListItem","position":3,"name":"Cable Magsafe 2"}]},{"@type":"WebSite","@id":"https:\/\/laptronic.pe\/catalogo\/#website","url":"https:\/\/laptronic.pe\/catalogo\/","name":"Laptronic","description":"Centro de Servicio T\u00e9cnico de Apple - Lima y Arequipa","publisher":{"@id":"https:\/\/laptronic.pe\/catalogo\/#organization"},"potentialAction":[{"@type":"SearchAction","target":{"@type":"EntryPoint","urlTemplate":"https:\/\/laptronic.pe\/catalogo\/?s={search_term_string}"},"query-input":"required name=search_term_string"}],"inLanguage":"es"},{"@type":"Organization","@id":"https:\/\/laptronic.pe\/catalogo\/#organization","name":"Laptronic","url":"https:\/\/laptronic.pe\/catalogo\/","logo":{"@type":"ImageObject","inLanguage":"es","@id":"https:\/\/laptronic.pe\/catalogo\/#\/schema\/logo\/image\/","url":"https:\/\/laptronic.pe\/catalogo\/wp-content\/uploads\/2020\/10\/logo.png","contentUrl":"https:\/\/laptronic.pe\/catalogo\/wp-content\/uploads\/2020\/10\/logo.png","width":303,"height":74,"caption":"Laptronic"},"image":{"@id":"https:\/\/laptronic.pe\/catalogo\/#\/schema\/logo\/image\/"},"sameAs":["https:\/\/www.instagram.com\/laptronic\/","https:\/\/www.pinterest.com\/laptronic\/_created\/","https:\/\/www.youtube.com\/user\/laptronicperu","https:\/\/www.facebook.com\/laptronic.pe","https:\/\/twitter.com\/laptronicsac"]}]}},"_links":{"self":[{"href":"https:\/\/laptronic.pe\/catalogo\/wp-json\/wp\/v2\/product\/1276"}],"collection":[{"href":"https:\/\/laptronic.pe\/catalogo\/wp-json\/wp\/v2\/product"}],"about":[{"href":"https:\/\/laptronic.pe\/catalogo\/wp-json\/wp\/v2\/types\/product"}],"replies":[{"embeddable":true,"href":"https:\/\/laptronic.pe\/catalogo\/wp-json\/wp\/v2\/comments?post=1276"}],"wp:featuredmedia":[{"embeddable":true,"href":"https:\/\/laptronic.pe\/catalogo\/wp-json\/wp\/v2\/media\/1349"}],"wp:attachment":[{"href":"https:\/\/laptronic.pe\/catalogo\/wp-json\/wp\/v2\/media?parent=1276"}],"wp:term":[{"taxonomy":"product_cat","embeddable":true,"href":"https:\/\/laptronic.pe\/catalogo\/wp-json\/wp\/v2\/product_cat?post=1276"},{"taxonomy":"product_tag","embeddable":true,"href":"https:\/\/laptronic.pe\/catalogo\/wp-json\/wp\/v2\/product_tag?post=1276"}],"curies":[{"name":"wp","href":"https:\/\/api.w.org\/{rel}","templated":true}]}}