{"id":1272,"date":"2020-12-24T03:58:34","date_gmt":"2020-12-24T03:58:34","guid":{"rendered":"https:\/\/laptronic.pe\/catalogo\/?post_type=product&#038;p=1272"},"modified":"2020-12-29T17:41:21","modified_gmt":"2020-12-29T17:41:21","slug":"cable-magsafe-1","status":"publish","type":"product","link":"https:\/\/laptronic.pe\/catalogo\/producto\/cable-magsafe-1\/","title":{"rendered":"Cable Magsafe 1"},"content":{"rendered":"<p>[vc_row disable_element=\u00bbyes\u00bb el_class=\u00bbm-b-md\u00bb][vc_column][vc_column_text]Lorem ipsum dolor sit amet, consectetur adipiscing elit, sed do eiusmod tempor incididunt ut labore et dolore magna aliqua. Ut enim ad minim veniam, nostrud ipsum consectetur sed do, quis nostrud exercitation ullamco laboris nisi ut aliquip ex ea commodo consequat. Duis aute irure dolor in reprehenderit in voluptate velit esse cillum dolore eu fugiat nulla pariatur. Excepteur sint occaecat.[\/vc_column_text][\/vc_column][\/vc_row][vc_row disable_element=\u00bbyes\u00bb el_class=\u00bbm-b-md\u00bb css=\u00bb.vc_custom_1608884881227{padding-left: 40px !important;}\u00bb][vc_column]<style>#porto-info-list26683519469ee65af113e2 i { color: #21293c;font-size: 16px; }<\/style><ul id=\"porto-info-list26683519469ee65af113e2\" class=\"porto-info-list \"><li class=\"porto-info-list-item\"><i class=\"porto-info-icon fa fa-check-circle\"><\/i><div class=\"porto-info-list-item-desc\"font-size: 14px; style=\"font-size: 14px;\">Any Product types that You want &#8211; Simple, Configurable<\/div><\/li><li class=\"porto-info-list-item\"><i class=\"porto-info-icon fa fa-check-circle\"><\/i><div class=\"porto-info-list-item-desc\"font-size: 14px; style=\"font-size: 14px;\">Downloadable\/Digital Products, Virtual Products<\/div><\/li><li class=\"porto-info-list-item\"><i class=\"porto-info-icon fa fa-check-circle\"><\/i><div class=\"porto-info-list-item-desc\"font-size: 14px; style=\"font-size: 14px;\">Inventory Management with Backordered items<\/div><\/li><\/ul>[\/vc_column][\/vc_row]<\/p>\n","protected":false},"excerpt":{"rendered":"<p style=\"text-align: justify;\">El Magsafe cuenta con un conector magn\u00e9tico de CC, que establece una conexi\u00f3n r\u00e1pida y segura con el equipo, al tiempo que desconecta tu cable de corriente si alguien tropieza con \u00e9l, alargando as\u00ed la vida \u00fatil del cable. Y puedes llevarlo contigo donde quieras, ya que incluye un dise\u00f1o inteligente, que te permitir\u00e1 recoger el cable de forma sencilla y r\u00e1pida alrededor de tu adaptador.<\/p>\n<p style=\"text-align: justify;\">Asimismo, incorpora un indicador LED, que te indica en qu\u00e9 estado se encuentra: cargando o ya cargado. Y por si todo esto no fuera suficiente, el adaptador dispone tambi\u00e9n de un cable CA, para que obtengas la m\u00e1xima longitud de cable, y un adaptador de CA de pared, id\u00f3nea para tus desplazamientos.<\/p>\n","protected":false},"featured_media":1346,"comment_status":"open","ping_status":"closed","template":"","meta":[],"product_cat":[172,177],"product_tag":[],"yoast_head":"<!-- This site is optimized with the Yoast SEO plugin v19.10 - https:\/\/yoast.com\/wordpress\/plugins\/seo\/ -->\n<title>Cable Magsafe 1 - Laptronic<\/title>\n<meta name=\"robots\" content=\"index, follow, max-snippet:-1, max-image-preview:large, max-video-preview:-1\" \/>\n<link rel=\"canonical\" href=\"https:\/\/laptronic.pe\/catalogo\/producto\/cable-magsafe-1\/\" \/>\n<meta property=\"og:locale\" content=\"es_ES\" \/>\n<meta property=\"og:type\" content=\"article\" \/>\n<meta property=\"og:title\" content=\"Cable Magsafe 1 - Laptronic\" \/>\n<meta property=\"og:description\" content=\"El Magsafe cuenta con un conector magn\u00e9tico de CC, que establece una conexi\u00f3n r\u00e1pida y segura con el equipo, al tiempo que desconecta tu cable de corriente si alguien tropieza con \u00e9l, alargando as\u00ed la vida \u00fatil del cable. Y puedes llevarlo contigo donde quieras, ya que incluye un dise\u00f1o inteligente, que te permitir\u00e1 recoger el cable de forma sencilla y r\u00e1pida alrededor de tu adaptador. Asimismo, incorpora un indicador LED, que te indica en qu\u00e9 estado se encuentra: cargando o ya cargado. Y por si todo esto no fuera suficiente, el adaptador dispone tambi\u00e9n de un cable CA, para que obtengas la m\u00e1xima longitud de cable, y un adaptador de CA de pared, id\u00f3nea para tus desplazamientos.\" \/>\n<meta property=\"og:url\" content=\"https:\/\/laptronic.pe\/catalogo\/producto\/cable-magsafe-1\/\" \/>\n<meta property=\"og:site_name\" content=\"Laptronic\" \/>\n<meta property=\"article:publisher\" content=\"https:\/\/www.facebook.com\/laptronic.pe\" \/>\n<meta property=\"article:modified_time\" content=\"2020-12-29T17:41:21+00:00\" \/>\n<meta property=\"og:image\" content=\"https:\/\/laptronic.pe\/catalogo\/wp-content\/uploads\/magsafe-1.jpg\" \/>\n\t<meta property=\"og:image:width\" content=\"600\" \/>\n\t<meta property=\"og:image:height\" content=\"600\" \/>\n\t<meta property=\"og:image:type\" content=\"image\/jpeg\" \/>\n<meta name=\"twitter:card\" content=\"summary_large_image\" \/>\n<meta name=\"twitter:site\" content=\"@laptronicsac\" \/>\n<meta name=\"twitter:label1\" content=\"Tiempo de lectura\" \/>\n\t<meta name=\"twitter:data1\" content=\"1 minuto\" \/>\n<script type=\"application\/ld+json\" class=\"yoast-schema-graph\">{\"@context\":\"https:\/\/schema.org\",\"@graph\":[{\"@type\":\"WebPage\",\"@id\":\"https:\/\/laptronic.pe\/catalogo\/producto\/cable-magsafe-1\/\",\"url\":\"https:\/\/laptronic.pe\/catalogo\/producto\/cable-magsafe-1\/\",\"name\":\"Cable Magsafe 1 - Laptronic\",\"isPartOf\":{\"@id\":\"https:\/\/laptronic.pe\/catalogo\/#website\"},\"datePublished\":\"2020-12-24T03:58:34+00:00\",\"dateModified\":\"2020-12-29T17:41:21+00:00\",\"breadcrumb\":{\"@id\":\"https:\/\/laptronic.pe\/catalogo\/producto\/cable-magsafe-1\/#breadcrumb\"},\"inLanguage\":\"es\",\"potentialAction\":[{\"@type\":\"ReadAction\",\"target\":[\"https:\/\/laptronic.pe\/catalogo\/producto\/cable-magsafe-1\/\"]}]},{\"@type\":\"BreadcrumbList\",\"@id\":\"https:\/\/laptronic.pe\/catalogo\/producto\/cable-magsafe-1\/#breadcrumb\",\"itemListElement\":[{\"@type\":\"ListItem\",\"position\":1,\"name\":\"Portada\",\"item\":\"https:\/\/laptronic.pe\/catalogo\/\"},{\"@type\":\"ListItem\",\"position\":2,\"name\":\"Tienda\",\"item\":\"https:\/\/laptronic.pe\/catalogo\/\"},{\"@type\":\"ListItem\",\"position\":3,\"name\":\"Cable Magsafe 1\"}]},{\"@type\":\"WebSite\",\"@id\":\"https:\/\/laptronic.pe\/catalogo\/#website\",\"url\":\"https:\/\/laptronic.pe\/catalogo\/\",\"name\":\"Laptronic\",\"description\":\"Centro de Servicio T\u00e9cnico de Apple - Lima y Arequipa\",\"publisher\":{\"@id\":\"https:\/\/laptronic.pe\/catalogo\/#organization\"},\"potentialAction\":[{\"@type\":\"SearchAction\",\"target\":{\"@type\":\"EntryPoint\",\"urlTemplate\":\"https:\/\/laptronic.pe\/catalogo\/?s={search_term_string}\"},\"query-input\":\"required name=search_term_string\"}],\"inLanguage\":\"es\"},{\"@type\":\"Organization\",\"@id\":\"https:\/\/laptronic.pe\/catalogo\/#organization\",\"name\":\"Laptronic\",\"url\":\"https:\/\/laptronic.pe\/catalogo\/\",\"logo\":{\"@type\":\"ImageObject\",\"inLanguage\":\"es\",\"@id\":\"https:\/\/laptronic.pe\/catalogo\/#\/schema\/logo\/image\/\",\"url\":\"https:\/\/laptronic.pe\/catalogo\/wp-content\/uploads\/2020\/10\/logo.png\",\"contentUrl\":\"https:\/\/laptronic.pe\/catalogo\/wp-content\/uploads\/2020\/10\/logo.png\",\"width\":303,\"height\":74,\"caption\":\"Laptronic\"},\"image\":{\"@id\":\"https:\/\/laptronic.pe\/catalogo\/#\/schema\/logo\/image\/\"},\"sameAs\":[\"https:\/\/www.instagram.com\/laptronic\/\",\"https:\/\/www.pinterest.com\/laptronic\/_created\/\",\"https:\/\/www.youtube.com\/user\/laptronicperu\",\"https:\/\/www.facebook.com\/laptronic.pe\",\"https:\/\/twitter.com\/laptronicsac\"]}]}<\/script>\n<!-- \/ Yoast SEO plugin. -->","yoast_head_json":{"title":"Cable Magsafe 1 - Laptronic","robots":{"index":"index","follow":"follow","max-snippet":"max-snippet:-1","max-image-preview":"max-image-preview:large","max-video-preview":"max-video-preview:-1"},"canonical":"https:\/\/laptronic.pe\/catalogo\/producto\/cable-magsafe-1\/","og_locale":"es_ES","og_type":"article","og_title":"Cable Magsafe 1 - Laptronic","og_description":"El Magsafe cuenta con un conector magn\u00e9tico de CC, que establece una conexi\u00f3n r\u00e1pida y segura con el equipo, al tiempo que desconecta tu cable de corriente si alguien tropieza con \u00e9l, alargando as\u00ed la vida \u00fatil del cable. Y puedes llevarlo contigo donde quieras, ya que incluye un dise\u00f1o inteligente, que te permitir\u00e1 recoger el cable de forma sencilla y r\u00e1pida alrededor de tu adaptador. Asimismo, incorpora un indicador LED, que te indica en qu\u00e9 estado se encuentra: cargando o ya cargado. Y por si todo esto no fuera suficiente, el adaptador dispone tambi\u00e9n de un cable CA, para que obtengas la m\u00e1xima longitud de cable, y un adaptador de CA de pared, id\u00f3nea para tus desplazamientos.","og_url":"https:\/\/laptronic.pe\/catalogo\/producto\/cable-magsafe-1\/","og_site_name":"Laptronic","article_publisher":"https:\/\/www.facebook.com\/laptronic.pe","article_modified_time":"2020-12-29T17:41:21+00:00","og_image":[{"width":600,"height":600,"url":"https:\/\/laptronic.pe\/catalogo\/wp-content\/uploads\/magsafe-1.jpg","type":"image\/jpeg"}],"twitter_card":"summary_large_image","twitter_site":"@laptronicsac","twitter_misc":{"Tiempo de lectura":"1 minuto"},"schema":{"@context":"https:\/\/schema.org","@graph":[{"@type":"WebPage","@id":"https:\/\/laptronic.pe\/catalogo\/producto\/cable-magsafe-1\/","url":"https:\/\/laptronic.pe\/catalogo\/producto\/cable-magsafe-1\/","name":"Cable Magsafe 1 - Laptronic","isPartOf":{"@id":"https:\/\/laptronic.pe\/catalogo\/#website"},"datePublished":"2020-12-24T03:58:34+00:00","dateModified":"2020-12-29T17:41:21+00:00","breadcrumb":{"@id":"https:\/\/laptronic.pe\/catalogo\/producto\/cable-magsafe-1\/#breadcrumb"},"inLanguage":"es","potentialAction":[{"@type":"ReadAction","target":["https:\/\/laptronic.pe\/catalogo\/producto\/cable-magsafe-1\/"]}]},{"@type":"BreadcrumbList","@id":"https:\/\/laptronic.pe\/catalogo\/producto\/cable-magsafe-1\/#breadcrumb","itemListElement":[{"@type":"ListItem","position":1,"name":"Portada","item":"https:\/\/laptronic.pe\/catalogo\/"},{"@type":"ListItem","position":2,"name":"Tienda","item":"https:\/\/laptronic.pe\/catalogo\/"},{"@type":"ListItem","position":3,"name":"Cable Magsafe 1"}]},{"@type":"WebSite","@id":"https:\/\/laptronic.pe\/catalogo\/#website","url":"https:\/\/laptronic.pe\/catalogo\/","name":"Laptronic","description":"Centro de Servicio T\u00e9cnico de Apple - Lima y Arequipa","publisher":{"@id":"https:\/\/laptronic.pe\/catalogo\/#organization"},"potentialAction":[{"@type":"SearchAction","target":{"@type":"EntryPoint","urlTemplate":"https:\/\/laptronic.pe\/catalogo\/?s={search_term_string}"},"query-input":"required name=search_term_string"}],"inLanguage":"es"},{"@type":"Organization","@id":"https:\/\/laptronic.pe\/catalogo\/#organization","name":"Laptronic","url":"https:\/\/laptronic.pe\/catalogo\/","logo":{"@type":"ImageObject","inLanguage":"es","@id":"https:\/\/laptronic.pe\/catalogo\/#\/schema\/logo\/image\/","url":"https:\/\/laptronic.pe\/catalogo\/wp-content\/uploads\/2020\/10\/logo.png","contentUrl":"https:\/\/laptronic.pe\/catalogo\/wp-content\/uploads\/2020\/10\/logo.png","width":303,"height":74,"caption":"Laptronic"},"image":{"@id":"https:\/\/laptronic.pe\/catalogo\/#\/schema\/logo\/image\/"},"sameAs":["https:\/\/www.instagram.com\/laptronic\/","https:\/\/www.pinterest.com\/laptronic\/_created\/","https:\/\/www.youtube.com\/user\/laptronicperu","https:\/\/www.facebook.com\/laptronic.pe","https:\/\/twitter.com\/laptronicsac"]}]}},"_links":{"self":[{"href":"https:\/\/laptronic.pe\/catalogo\/wp-json\/wp\/v2\/product\/1272"}],"collection":[{"href":"https:\/\/laptronic.pe\/catalogo\/wp-json\/wp\/v2\/product"}],"about":[{"href":"https:\/\/laptronic.pe\/catalogo\/wp-json\/wp\/v2\/types\/product"}],"replies":[{"embeddable":true,"href":"https:\/\/laptronic.pe\/catalogo\/wp-json\/wp\/v2\/comments?post=1272"}],"wp:featuredmedia":[{"embeddable":true,"href":"https:\/\/laptronic.pe\/catalogo\/wp-json\/wp\/v2\/media\/1346"}],"wp:attachment":[{"href":"https:\/\/laptronic.pe\/catalogo\/wp-json\/wp\/v2\/media?parent=1272"}],"wp:term":[{"taxonomy":"product_cat","embeddable":true,"href":"https:\/\/laptronic.pe\/catalogo\/wp-json\/wp\/v2\/product_cat?post=1272"},{"taxonomy":"product_tag","embeddable":true,"href":"https:\/\/laptronic.pe\/catalogo\/wp-json\/wp\/v2\/product_tag?post=1272"}],"curies":[{"name":"wp","href":"https:\/\/api.w.org\/{rel}","templated":true}]}}